0*u + k*v. What are the prime factors of u?
7
Suppose -4*k - 250 = 4*i + 314, 2*i + 5*k + 273 = 0. What are the prime factors of (-2 - i/3)*(-22)/(-4)?
11, 23
Suppose -2*u = -10*u + 2*u. Suppose -2*i - 3*c + 819 = 3*i, -3*i - c + 493 = u. List the prime factors of i.
3, 5, 11
Let n(w) = -w**2 - 72*w + 106. What are the prime factors of n(-55)?
3, 347
Suppose 5*d - 6 = 49. Suppose -2*n + d*n - 1152 = 0. What are the prime factors of n?
2
Let z be 2/(-4)*(10 - 10). Suppose -5*t + z*t = 4*a - 19, -a = 5*t - 1. Suppose -4 = -k, 0 = -2*w + k + 2 + a. List the prime factors of w.
2, 3
Let m(f) = f**3 + 5*f**2 + 2*f - 5. Let h be m(-4). Let l = h + -3. Suppose 2*s + 2*z - 114 = l, 3*s = -2*z + z + 165. What are the prime factors of s?
2, 3
Let n be (4 - 14/4)*180. Let s = 163 - n. What are the prime factors of s?
73
Let a(n) = -n**3 + 10*n**2 - 7*n + 3. Suppose -18*r + 19*r = 9. Suppose r = -0*m + m. List the prime factors of a(m).
3, 7
Suppose 7*n - 58466 = -34*n. What are the prime factors of n?
2, 23, 31
Suppose -2*z + 3 = -3. List the prime factors of 9/2*28/z.
2, 3, 7
Let m = -83 + 285. Let l = -101 + m. List the prime factors of l.
101
Suppose -p - 42 = -37, 18190 = 5*v - 4*p. What are the prime factors of v?
2, 23, 79
Let s be 0*(-1)/5 + 2. What are the prime factors of s - 1*(3 + -4)?
3
What are the prime factors of 111336/84 + (-1)/(7/3)?
5, 53
Suppose 2*y + 888 = 74. Let b be y/(-15) + 14/(-105). What are the prime factors of 909/b + 3/9?
2, 17
Let v(p) be the first derivative of -p**3 - 3*p**2/2 + 3*p - 6. Let r be v(5). What are the prime factors of 0/(-1) - r/3?
29
Suppose 0 = 6*y + 3*y - 819. Let i = -82 + y. List the prime factors of i.
3
Let i(z) = -z**2 + 18*z + 18. Let q be i(19). List the prime factors of (2 - 334)*(q - (-5)/10).
2, 83
Let a(o) = -2*o + 7. Let j be a(4). Let f be j - 2/((-4)/54). Let l = -16 + f. What are the prime factors of l?
2, 5
Let p(q) = -4*q - 47*q + 22*q - 5. List the prime factors of p(-4).
3, 37
Suppose 4 - 8 = -2*p. Let s(i) = 10*i**3 - 2*i**2 - 4*i + 5. What are the prime factors of s(p)?
3, 23
Suppose 0 = 98*v - 94*v - 8144. What are the prime factors of v?
2, 509
Suppose 16 = 2*q - 12. Suppose -4*l + 20 = 3*o + 2*o, -3*l - 8 = -2*o. What are the prime factors of q + o + 0 + 2?
2, 5
Suppose 2*p = 22 + 12. Suppose 0 = 6*i + p - 317. What are the prime factors of (-40)/i*(2 - 67)?
2, 13
Suppose -2*t - 4 = -6*t. What are the prime factors of 50 + (t - (2 + -4))?
53
What are the prime factors of (-3881)/(-5) + (-468)/(-585)?
3, 7, 37
Suppose 50 + 11 = -r. List the prime factors of 6/((-8)/(-4)) - r.
2
Let k = 41 - -1. Let q be (-3)/((-9)/k + 0). Suppose -q = 3*i - 104. What are the prime factors of i?
2, 3, 5
Suppose -2*z + 5*z - 3*f = 156, -f = -4*z + 193. Let r = z - 28. What are the prime factors of r?
19
Let s(d) = -d**2 + 3*d + 6. Let o be s(6). Let j be 2/(o/3)*-150. Suppose 2*q = 5*q - j. List the prime factors of q.
5
Let n be 2/3*(-90)/(-12). Suppose n*j - 3 + 18 = -3*p, 0 = -j - 4*p - 20. Suppose -d + j*d = -31. List the prime factors of d.
31
Let o be 2/(-12) - (125/(-30) + 1). Suppose o*a = -n + 77, 5*n - 2*a = 525 - 140. List the prime factors of n.
7, 11
Let m(k) = -81*k + 35. What are the prime factors of m(-6)?
521
Suppose 2 = 7*b - 8*b, -4*p - 3*b + 3082 = 0. What are the prime factors of p?
2, 193
Suppose 3*m + 6470 + 955 = 5*j, -1508 = -j - 4*m. List the prime factors of j.
2, 3, 31
Suppose 24 = -h + 5*h. Suppose -14*m + 11*m + h = 0. List the prime factors of m.
2
Let k(r) = 9*r - 3. Let q(w) be the second derivative of 5*w**4/12 + w**3/3 + w**2/2 - 5*w. Let b be q(-1). What are the prime factors of k(b)?
3, 11
Suppose -z = -5*o + 6, -4*o - 4*z + 0*z = -24. Suppose 39 = u + g - 36, -o*g = -6. What are the prime factors of u?
2, 3
Suppose 0 = 6*v - 1079 + 47. List the prime factors of v.
2, 43
Let k(l) = 55*l**2 + 18*l + 8. Let y be k(-4). Suppose 12*f - 20*f + y = 0. What are the prime factors of f?
2, 3, 17
Let v be (-2794)/(-4)*(22 + -20). Suppose 5*b + 502 - v = 0. List the prime factors of b.
179
Suppose -3*h + 1 = -8. Suppose g + 2*i - 7 = 0, -2*g - 5*i = -h*g. Suppose -g*n + 2*y = -13 - 84, 2*n = -y + 46. What are the prime factors of n?
3, 7
Let g = -10 + 15. Let t(l) = -l**3 + 3*l + 6*l + 4*l - g*l**2 + 14 - 7*l**2. List the prime factors of t(-13).
2, 7
Let g(j) = 3*j**3 - 2*j**2 + 2*j + 2. Suppose -7 = -6*a + 5. List the prime factors of g(a).
2, 11
Suppose 3*m - 1556 = m. List the prime factors of m.
2, 389
Suppose 10 = -o + 12, 5*l = -3*o + 981. What are the prime factors of l?
3, 5, 13
Let j = 43 + 28. Suppose 0 = -n - r - r + j, 3*n = 2*r + 205. Suppose -25 + n = y. List the prime factors of y.
2, 11
Suppose -f + 1395 = -3*q, -f - 2*f + 4215 = q. What are the prime factors of 2/(-3)*f/(-24)?
3, 13
Suppose -5*o + 3602 = h, -5*h + 7*h - 724 = -o. List the prime factors of o.
2, 3, 5
Suppose -z - 3*a = -6*z + 15, -z = 2*a - 3. Suppose z*n - 1107 = -6*n. What are the prime factors of n?
3, 41
Let v = 52 - 47. What are the prime factors of (-13464)/(-60) - 2/v?
2, 7
Let k(y) = 1100*y + 93. What are the prime factors of k(2)?
2293
What are the prime factors of 3/(-3)*1 + -2 + 25?
2, 11
Let h = 465 + -300. List the prime factors of h.
3, 5, 11
Let t(o) = 2*o + 0*o - o + 1. Let n be t(2). Let a = 5 - n. What are the prime factors of a?
2
Let b(s) = 3*s**2 - s. Let p(y) = -7*y**2 + 8*y - 3. Let t(o) = 4*b(o) + p(o). Let i = 9 + -6. List the prime factors of t(i).
2, 3
Let o(b) = 9*b**2 + 18*b - 117. List the prime factors of o(8).
3, 67
Suppose 0 = -3*c + 1034 + 1834. What are the prime factors of c?
2, 239
Let y(z) = 274*z + 416. List the prime factors of y(7).
2, 3, 389
Let t(i) = 91*i - 427. What are the prime factors of t(25)?
2, 3, 7, 11
Suppose -2333 + 455 = -6*s. What are the prime factors of s?
313
Let w = 21 - 28. Let v(g) = 2*g**2 - 2*g - 13. What are the prime factors of v(w)?
3, 11
Suppose 3*r = 14*r + 165. List the prime factors of r/30*(-1 + -381).
191
Suppose 206567 - 60311 = 48*t. What are the prime factors of t?
11, 277
Let i(m) = 7*m**3 + 17*m**2 + 8*m - 7. Let l(s) = -4*s**3 - 9*s**2 - 4*s + 4. Let r(z) = -3*i(z) - 5*l(z). List the prime factors of r(-7).
2, 3, 13
Suppose -5*g = -337 - 13. List the prime factors of g.
2, 5, 7
Let k(o) = 14*o - 36. Let y(n) = 13*n - 35. Let r(a) = -4*k(a) + 5*y(a). What are the prime factors of r(10)?
59
List the prime factors of 1/((-2)/(-2)) - 36520/(-83).
3, 7
Let l = -7 + -26. Let z = 47 + l. Suppose r + 2*d = z, -r - 5*d + 45 = 4*r. What are the prime factors of r?
2
Suppose -336 + 19302 = 6*t. List the prime factors of t.
29, 109
Suppose -10 = -m - 2*a, 3*a + 74 = 5*m + a. Let q = 8 - m. What are the prime factors of ((-70)/21)/(1/q)?
2, 5
Suppose -3*k + 2*x = x - 3, -3 = -3*k - 5*x. List the prime factors of 832/26*(k - 1 - -1).
2
Suppose 0 = 38*k - 41*k - 9, 3*k - 1513 = -a. What are the prime factors of a?
2, 761
Let o = 70 - 47. Suppose 3*i - o = 133. Let v = i + -25. List the prime factors of v.
3
Suppose 3*o - 5*l - 2028 = 0, -2*o + 3*l + 92 = -1260. Suppose 10*t - 2736 = -o. List the prime factors of t.
2, 103
Let x(n) = -n**2 + n + 1. Let w(v) = v**3 + 11*v**2 + 2. Let a(f) = -w(f) - 2*x(f). Let d be a(-9). Let c = d + 2. List the prime factors of c.
2
Let p(r) = 18*r - 29. Let n be p(6). Suppose n + 26 = 3*a. What are the prime factors of a?
5, 7
Let u(l) = 5*l + 1. Let h be u(1). Let s = h + -8. Let i = s + 18. What are the prime factors of i?
2
Let g(i) = 11*i - 307. Let z be g(29). Let r be 2/5 - (-276)/10. Let q = r - z. List the prime factors of q.
2
Let r(n) = -n**2 - 23*n + 4. Let m(i) = -3*i**3 + 3*i**2 - 2*i - 2. Let y be m(2). What are the prime factors of r(y)?
2, 47
Suppose 2*b + 76 = -2*o, 2*b + 139 = -3*o + 4*b. Let j be (o/(-4))/(5/20). Let n = j + -25. What are the prime factors of n?
2, 3
Let z be -4 - (2 + 3 - -1). Let r = z - -16. List the prime factors of r.
2, 3
Suppose w + 2*k = -0*w, 2*w = k. Suppose 4*n + 4 = w, 2*d - 2*n = 25 + 25. What are the prime factors of d?
2, 3
Suppose -2*x = 10 + 26. Let u be 8/36 - 140/x. Suppose -u*m = -m - 140. What are the prime factors of m?
2, 5
Let l(b) = b**3 - 14*b**2 + 23*b + 2. Let t be l(11). What are the prime factors of (t - (1 - -2))/(-1)?
3, 37